e 0 = -2*m + 3*n + 21, 21 = 5*m - 4*n + 7*n. Let i(p) = 96*p - 3. Let u be i(m). Suppose -9*t + 12*t = u. Is t composite?
False
Let j = -14247 + 24430. Is j a composite number?
True
Let l = 38 - 35. Suppose -l*q + 582 = -297. Is q a composite number?
False
Let o = 28703 + -3770. Is o a prime number?
False
Suppose w = 4*w - 2382. Is 6*(-1)/(-2) + w prime?
True
Let l(v) = 866*v + 4. Let d be l(3). Suppose 3721 = 5*f - 2*t - 7454, f = 5*t + 2258. Suppose -5*i = -d - f. Is i a composite number?
False
Is 13674/8 - (-19)/(-76) composite?
False
Suppose -4*f + 2*f + 112298 = 0. Is f composite?
False
Let a = 825 + 8404. Is a composite?
True
Suppose 9*r = 4*r + 350. Suppose z + r = 1241. Is z a prime number?
True
Let d(w) = -210*w + 64. Let g(r) = -421*r + 129. Let s(n) = 5*d(n) - 3*g(n). Is s(8) a composite number?
False
Let o = 128 - 124. Suppose -o*q - 4*q = -22376. Is q prime?
True
Let u = 416 - 203. Let n be 2/(0 + (-1)/(-41)). Suppose 0 = -5*t + u + n. Is t a prime number?
True
Is (1*(-4 - -2))/((-48)/1578264) a composite number?
False
Suppose -1066419 = 45*n - 2689164. Is n a prime number?
True
Let h(f) = -393*f - 52. Is h(-13) prime?
False
Let v = -7 - -11. Suppose -4 = 4*u - 2*u, -v*u = 5*x - 1177. Is x composite?
True
Let n = 56 + -51. Suppose 98 + 86 = 4*u - n*c, -2*u = -4*c - 86. Is u prime?
False
Suppose -7 = -4*b + 9. Suppose 0 = b*v - 0*v + t - 578, 0 = -4*t + 8. Suppose -5*w + v + 41 = 0. Is w prime?
True
Suppose 0 = h - 3*l - 1859, -4*h - 2*l + 5508 = -1970. Suppose 0 = -2*w + 1718 + h. Is w composite?
True
Suppose 3*f + 7*d - 56 = 2*d, 3*f + 4*d - 52 = 0. Let j = f - -43. Is j composite?
True
Let i = -243 - -404. Is i composite?
True
Let f(g) = -2*g**3 + 5*g**2 - 7*g + 9. Let u(j) = 3*j**3 - 10*j**2 + 14*j - 18. Let z(v) = -5*f(v) - 3*u(v). Is z(8) a prime number?
False
Let p = 637 - 344. Is p a prime number?
True
Is (-1)/3*-6 + 3011 composite?
True
Let k(q) be the first derivative of -9*q**2 + 5*q + 1. Suppose -l - 2 - 4 = 0. Is k(l) a composite number?
False
Let n(s) = s**3 + 14*s**2 + 17*s + 23. Let i be (8 + 3)*(-4 + 3). Is n(i) a prime number?
True
Let r(l) = l**2 - 8*l + 2. Let v be r(8). Is 5/20*2008/v composite?
False
Let v(f) = -5*f**3 - f**2 - f - 1. Let t be v(-1). Suppose -t*x + 4146 = -5186. Is x a prime number?
True
Let a(g) = 176*g**2 + 17*g**2 + 3 + 3*g - g. Is a(2) composite?
True
Is (-6)/(-5 + 3) - -59348 composite?
False
Suppose 0 = 8*j - 13*j. Is (j + 20/(-12))*-843 a prime number?
False
Let u = -9563 - -15610. Is u a composite number?
False
Suppose -2*l = -5*w + 360, 3*l + 144 = -3*w + 5*w. Let s(d) = 0 + 1 + w*d - 203*d. Is s(-2) a composite number?
False
Let n be (1 - 1)/(6 - 7). Suppose -6*l = -3*l + q - 26193, n = -3*q + 9. Is (l/27)/(2/3) a prime number?
False
Let r(s) = 257*s - 5. Let q be r(4). Suppose 0*c - 3*c + q = 0. Is c prime?
False
Suppose 1081 = 3*m - j, 2*m + 9*j - 726 = 11*j. Is m a composite number?
False
Suppose 14*d - 27309 = 21649. Is d prime?
False
Let f = 429 + -40. Is f a prime number?
True
Let h be ((-16)/28)/((-2)/7). Suppose 1226 = 5*q + 2*v, 0*v + v = -h. Suppose -5*d = -q - 929. Is d prime?
False
Suppose 2*l - 3*z - 650 = 0, -3*l - 5*z = -1317 + 380. Is l a composite number?
True
Suppose 3*t - 4*t - 2*s = 2, -3*s = t. Is (-4 + (-44)/(-8))/(t/(-472)) prime?
False
Let i = 7449 + -1780. Is i a prime number?
True
Suppose -v + 367 = -2*z, 0 = v + 3*v - 5*z - 1480. Suppose -5*y + 631 = -2*u, 3*y = -0*y + 3*u + v. Is y a composite number?
False
Suppose 112596 = 38*g - 26*g. Is g a composite number?
True
Let p = 86832 + -48938. Is p composite?
True
Let n be 70/6 + 2/6. Suppose 0 = 3*l - n - 3, -5*l - 2375 = -5*k. Suppose -3*s - 3*u + k = 0, -u - 2*u - 3 = 0. Is s a composite number?
True
Suppose 4*l + 4*p - 4256 = 8*p, 4*l - 3*p - 4259 = 0. Is l a composite number?
True
Let c(w) = 91*w**2 - 2*w + 2. Let r be c(4). Is (r/40 + 4/(-2))*44 a composite number?
True
Let p = 9174 + 14545. Is p a composite number?
False
Suppose z - 23 = -3*z + 5*x, 2*z = x + 13. Suppose -1060 = z*u - 11*u. Is u prime?
False
Suppose 10337 = 6*h - 3421. Is h composite?
False
Let f = 21 - 18. Let l be (72/(-10))/(f/(-30)). Suppose -7*c + 35 = y - 2*c, 4*y + 3*c = l. Is y prime?
False
Suppose 5*z - 3*z - 1604 = -2*p, 0 = -4*p + 3*z + 3243. Suppose 12*t + 63 = p. Is t prime?
False
Let g = 630 + 1007. Is g a composite number?
False
Let r(m) be the second derivative of -m**4/6 - 5*m**3/2 + 11*m**2/2 - 4*m. Let k be r(-8). Suppose 0 = -k*g + 4*g - q - 366, -g = 2*q - 363. Is g composite?
True
Let a = 3 - 3. Let d(l) = 4*l**2 - 29*l + 1. Let n be d(10). Suppose x = n - a. Is x a composite number?
True
Suppose y = -2*y + i - 20721, -4*i - 27612 = 4*y. Let s = y - -4588. Let p = -1167 - s. Is p a composite number?
False
Suppose 0 = 12*m - 11*m - 6. Suppose -m*v + 3640 + 9830 = 0. Is v a prime number?
False
Is (17 + (-23 - -8))*(-15905)/(-2) prime?
False
Let f(r) = 20*r**2 + r. Let i be f(1). Suppose 0 = y - i - 136. Let c = 0 + y. Is c a prime number?
True
Suppose -8*p - 24 = 8. Is (-2556)/(-8) - (-2)/p prime?
False
Let y(r) = -2*r - 5. Let h be y(-4). Suppose 6*k - 6 = h*k. Suppose z - 207 = -k*z. Is z a prime number?
False
Let d(h) be the first derivative of h**4/4 - 2*h**3 + 7*h**2/2 - 7*h - 1. Let b be d(5). Suppose v = b*v + 10, -357 = -r - 2*v. Is r composite?
False
Let o = 5666 - -5933. Is o a prime number?
False
Let i be -1*(409*-2)/(-2). Let g(p) = -87*p**2 - 7. Let o be g(-3). Let x = i - o. Is x composite?
True
Let v be (-18)/(-54)*(-1 - (-50 + -2)). Let i(l) = l**3 - 17*l**2 + 5*l + 4. Is i(v) composite?
False
Suppose 0 = 20*x - 24*x - 52. Let k = -15 - x. Let u(l) = -11*l**3 + 3*l**2 + 3*l + 3. Is u(k) prime?
True
Let w be 1*(2 - 3) + -365. Suppose 140 = -j - n, 4*n = 2*j + 254 + 56. Let t = j - w. Is t a composite number?
True
Suppose 0*x + 12 = x. Is (-4)/x - (-968)/6 prime?
False
Let w(a) = -3*a**2 + 19*a - 1. Let v be w(6). Suppose t + j = -0*j + 1362, 0 = -j + v. Is t composite?
True
Let k(d) be the third derivative of 2*d**6/15 + d**4/24 + 2*d**3/3 + 15*d**2. Is k(3) prime?
True
Suppose 2*y + 85 - 93 = 0. Suppose -4*q + 5776 = y*a, q - 5*a = -796 + 2222. Is q prime?
False
Let w(y) = 0*y + 5 + 9*y**2 + 5*y + 6*y - y**3. Suppose f - 5*f = 4, 5*f - 5 = -l. Is w(l) a composite number?
True
Let b(k) = 61*k**2 + 1. Let n be b(1). Let z = 29 + n. Is z composite?
True
Let r(q) = -4*q + 1 + 3*q + 0*q. Let y(h) = 12*h + 2. Let s(t) = -3*r(t) + y(t). Is s(4) composite?
False
Let u = 23 + -23. Suppose u = o - 9*o + 3544. Is o composite?
False
Let p(d) = 4019*d + 2. Let z be p(3). Suppose c - 5*l - 3997 = 0, 0*c + 2*l = -3*c + z. Is (-1)/6 + c/18 a composite number?
False
Let d = 86 - 77. Let q(y) = 8*y**2 - y + 10. Is q(d) a prime number?
False
Let m = -1488 - -4783. Is m a prime number?
False
Suppose 0*m - c = -5*m + 18, 4*c = 2*m. Suppose 2*n = m*n + k + 4, -19 = 3*n - 5*k. Is (-208)/(-4) + n + 6 a composite number?
True
Let d(x) = 71*x + 12. Suppose 15 = 4*s - 17. Let g be d(s). Suppose 2*t - 3*z = 215, -2*t - 3*t + g = z. Is t composite?
True
Let z(i) = -1533*i**3 - i**2 + 2*i - 1. Let t(r) = 6131*r**3 + 4*r**2 - 9*r + 5. Let s(m) = -2*t(m) - 9*z(m). Is s(1) composite?
True
Suppose -84 = 2*w - 3*z, -8*w + 4*w - 172 = -5*z. Let x = 94 + w. Suppose -x = 2*b - 3*b. Is b composite?
True
Let c(q) be the first derivative of q**4/4 + 2*q**3 + q**2/2 - 6. Let g be c(-6). Is g/(-33) - (-1206)/22 a prime number?
False
Let j = -5092 + 7294. Let c = j - 1295. Is c a prime number?
True
Is (42/(-18)*-1858)/((-20)/(-30)) prime?
False
Is (-1)/(36/(-96) + 179679/479208) prime?
False
Suppose -198 = -4*g - d - d, 105 = 2*g - d. Suppose -g - 904 = -5*f. Is f composite?
False
Is 6080014/846 + (-2)/(-9) composite?
False
Suppose 0 = x + 2*o + 513, -o + 1529 = -3*x - 5*o. Let l = -63 + 859. Let p = l + x. Is p a prime number?
True
Let n be 72/27*306/(-8). Let w = 152 - n. Is w a prime number?
False
Let i(n) be the first derivative of 51*n**2/2 + 2*n + 4. Let d be i(2). Suppose 90 = 2*p - d. Is p a composite number?
False
Suppose s + 5*l = 133, -4*l + l + 411 = 3*s. Suppose 0 = 3*o - 4 + 31. Let w = s + o. Is w composite?
True
Let o be (4 + 0)*427/14. Suppose -3*s + 5*m - 25 = 25, -4*s = m + 105. Let c = s + o. Is c composite?
False
Let t